{"id":39,"date":"2023-03-27T21:43:37","date_gmt":"2023-03-27T19:43:37","guid":{"rendered":"http:\/\/panel.oshpik.pl\/?page_id=39"},"modified":"2023-03-29T03:55:59","modified_gmt":"2023-03-29T01:55:59","slug":"deklaracja-czlonkowska-wniosek-o-nadanie-przydomka","status":"publish","type":"page","link":"https:\/\/panel.oshpik.pl\/?page_id=39","title":{"rendered":"DEKLARACJA CZ\u0141ONKOWSKA \/ WNIOSEK O NADANIE PRZYDOMKA"},"content":{"rendered":"\n<p><strong>Prosz\u0119 o przyj\u0119cie w poczet cz\u0142onk\u00f3w OSHPiK<\/strong><\/p>\n\n\n<form id=\"forminator-module-51\" class=\"forminator-custom-form forminator-custom-form-51\" method=\"post\" data-forminator-render=\"0\" data-uid=\"69e4c1371d414\"><div role=\"alert\" aria-live=\"polite\" class=\"forminator-response-message forminator-error\" aria-hidden=\"true\"><\/div><\/form>\n\n\n<a class=\"guten-button guten-button-success guten-button-sm\" href=\"http:\/\/www.panel.oshpik.pl\"><span>PRZEJD\u0179 NA STRON\u0118 G\u0141\u00d3WN\u0104 E-WNIOSK\u00d3W<\/span><\/a>","protected":false},"excerpt":{"rendered":"<p>Prosz\u0119 o przyj\u0119cie w poczet cz\u0142onk\u00f3w OSHPiK<\/p>\n","protected":false},"author":2,"featured_media":0,"parent":0,"menu_order":0,"comment_status":"closed","ping_status":"closed","template":"","meta":{"footnotes":""},"class_list":["post-39","page","type-page","status-publish","hentry"],"_links":{"self":[{"href":"https:\/\/panel.oshpik.pl\/index.php?rest_route=\/wp\/v2\/pages\/39","targetHints":{"allow":["GET"]}}],"collection":[{"href":"https:\/\/panel.oshpik.pl\/index.php?rest_route=\/wp\/v2\/pages"}],"about":[{"href":"https:\/\/panel.oshpik.pl\/index.php?rest_route=\/wp\/v2\/types\/page"}],"author":[{"embeddable":true,"href":"https:\/\/panel.oshpik.pl\/index.php?rest_route=\/wp\/v2\/users\/2"}],"replies":[{"embeddable":true,"href":"https:\/\/panel.oshpik.pl\/index.php?rest_route=%2Fwp%2Fv2%2Fcomments&post=39"}],"version-history":[{"count":5,"href":"https:\/\/panel.oshpik.pl\/index.php?rest_route=\/wp\/v2\/pages\/39\/revisions"}],"predecessor-version":[{"id":80,"href":"https:\/\/panel.oshpik.pl\/index.php?rest_route=\/wp\/v2\/pages\/39\/revisions\/80"}],"wp:attachment":[{"href":"https:\/\/panel.oshpik.pl\/index.php?rest_route=%2Fwp%2Fv2%2Fmedia&parent=39"}],"curies":[{"name":"wp","href":"https:\/\/api.w.org\/{rel}","templated":true}]}}