{"id":71,"date":"2023-03-29T03:43:35","date_gmt":"2023-03-29T01:43:35","guid":{"rendered":"http:\/\/panel.oshpik.pl\/?page_id=71"},"modified":"2023-04-06T14:00:26","modified_gmt":"2023-04-06T12:00:26","slug":"wniosek-o-wydanie-metryk","status":"publish","type":"page","link":"https:\/\/panel.oshpik.pl\/?page_id=71","title":{"rendered":"WNIOSEK O WYDANIE METRYK"},"content":{"rendered":"\n<p>WNIOSEK O WYDANIE METRYKI<br><strong>Przed z\u0142o\u017ceniem wniosku o wydanie metryki<\/strong> nale\u017cy wype\u0142ni\u0107 <a href=\"https:\/\/panel.oshpik.pl\/?page_id=132\">kart\u0119 krycia\/miotu<\/a><\/p>\n\n\n<form id=\"forminator-module-62\" class=\"forminator-custom-form forminator-custom-form-62\" method=\"post\" data-forminator-render=\"0\" data-uid=\"69e4c2173495a\"><div role=\"alert\" aria-live=\"polite\" class=\"forminator-response-message forminator-error\" aria-hidden=\"true\"><\/div><\/form>\n\n\n<a class=\"guten-button guten-button-success guten-button-sm\" href=\"http:\/\/www.panel.oshpik.pl\"><span>PRZEJD\u0179 NA STRON\u0118 G\u0141\u00d3WN\u0104 E-WNIOSK\u00d3W<\/span><\/a>","protected":false},"excerpt":{"rendered":"<p>WNIOSEK O WYDANIE METRYKIPrzed z\u0142o\u017ceniem wniosku o wydanie metryki nale\u017cy wype\u0142ni\u0107 kart\u0119 krycia\/miotu<\/p>\n","protected":false},"author":2,"featured_media":0,"parent":0,"menu_order":0,"comment_status":"closed","ping_status":"closed","template":"","meta":{"footnotes":""},"class_list":["post-71","page","type-page","status-publish","hentry"],"_links":{"self":[{"href":"https:\/\/panel.oshpik.pl\/index.php?rest_route=\/wp\/v2\/pages\/71","targetHints":{"allow":["GET"]}}],"collection":[{"href":"https:\/\/panel.oshpik.pl\/index.php?rest_route=\/wp\/v2\/pages"}],"about":[{"href":"https:\/\/panel.oshpik.pl\/index.php?rest_route=\/wp\/v2\/types\/page"}],"author":[{"embeddable":true,"href":"https:\/\/panel.oshpik.pl\/index.php?rest_route=\/wp\/v2\/users\/2"}],"replies":[{"embeddable":true,"href":"https:\/\/panel.oshpik.pl\/index.php?rest_route=%2Fwp%2Fv2%2Fcomments&post=71"}],"version-history":[{"count":4,"href":"https:\/\/panel.oshpik.pl\/index.php?rest_route=\/wp\/v2\/pages\/71\/revisions"}],"predecessor-version":[{"id":136,"href":"https:\/\/panel.oshpik.pl\/index.php?rest_route=\/wp\/v2\/pages\/71\/revisions\/136"}],"wp:attachment":[{"href":"https:\/\/panel.oshpik.pl\/index.php?rest_route=%2Fwp%2Fv2%2Fmedia&parent=71"}],"curies":[{"name":"wp","href":"https:\/\/api.w.org\/{rel}","templated":true}]}}